{"id":69,"date":"2015-07-29T13:44:44","date_gmt":"2015-07-29T13:44:44","guid":{"rendered":"https:\/\/optimus.qsandbox.com:3443\/app_user\/qsu6361\/site\/ayushstha143-magazinex-demo.sites.qsandbox.com\/?page_id=4"},"modified":"2026-04-26T15:06:38","modified_gmt":"2026-04-26T15:06:38","slug":"home","status":"publish","type":"page","link":"https:\/\/thepotentialtoday.com\/","title":{"rendered":"Home"},"content":{"rendered":"\n\n\n<div class=\"mzb-section mzb-section-890cb78e\"><div class=\"mzb-container\"><div class=\"mzb-section-inner justify-left\">\n<div class=\"mzb-column mzb-column-4e68f438\"><div class=\"mzb-column-inner\"><div class=\"mzb-category-list mzb-category-list-b36cf85e\"><div class=\"mzb-post-heading mzb-heading-layout-1 mzb-heading-layout-1-style-1\"><h2 class=\"mzb-heading-text\">Categories<\/h2><\/div><div class=\"mzb-posts mzb-layout-1 mzb-layout-1-style-1\"><div class=\"mzb-post mzb-48\"><div class=\"mzb-title-wrapper\" style=\"background-image: url(https:\/\/thepotentialtoday.com\/wp-content\/uploads\/2024\/01\/vr-single-girl.png);\"><span class=\"mzb-post-categories\"><a href=\"https:\/\/thepotentialtoday.com\/?cat=48\" style=\"background-color:;\">D\u00f6n\u00fc\u015f\u00fcm<\/a><\/span><\/div><div class=\"mzb-post-count-wrapper\"><div class=\"mzb-post-count\"><a href=\"https:\/\/thepotentialtoday.com\/?cat=48\">1 <span class=\"mzb-post-count-text\">Posts<\/span><\/a><\/div><\/div><\/div><div class=\"mzb-post mzb-45\"><div class=\"mzb-title-wrapper\" style=\"background-image: url(https:\/\/thepotentialtoday.com\/wp-content\/uploads\/2022\/08\/plane-travel.jpg);\"><span class=\"mzb-post-categories\"><a href=\"https:\/\/thepotentialtoday.com\/?cat=45\" style=\"background-color:;\">Hakk\u0131nda<\/a><\/span><\/div><div class=\"mzb-post-count-wrapper\"><div class=\"mzb-post-count\"><a href=\"https:\/\/thepotentialtoday.com\/?cat=45\">1 <span class=\"mzb-post-count-text\">Posts<\/span><\/a><\/div><\/div><\/div><div class=\"mzb-post mzb-49\"><div class=\"mzb-title-wrapper\" style=\"background-image: url(https:\/\/thepotentialtoday.com\/wp-content\/uploads\/2022\/08\/pandemic.jpg);\"><span class=\"mzb-post-categories\"><a href=\"https:\/\/thepotentialtoday.com\/?cat=49\" style=\"background-color:;\">Perspektif<\/a><\/span><\/div><div class=\"mzb-post-count-wrapper\"><div class=\"mzb-post-count\"><a href=\"https:\/\/thepotentialtoday.com\/?cat=49\">2 <span class=\"mzb-post-count-text\">Posts<\/span><\/a><\/div><\/div><\/div><div class=\"mzb-post mzb-1\"><div class=\"mzb-title-wrapper\" style=\"background-image: url(https:\/\/thepotentialtoday.com\/wp-content\/uploads\/2022\/08\/yoga-namaste.png);\"><span class=\"mzb-post-categories\"><a href=\"https:\/\/thepotentialtoday.com\/?cat=1\" style=\"background-color:;\">Sekt\u00f6rler<\/a><\/span><\/div><div class=\"mzb-post-count-wrapper\"><div class=\"mzb-post-count\"><a href=\"https:\/\/thepotentialtoday.com\/?cat=1\">1 <span class=\"mzb-post-count-text\">Posts<\/span><\/a><\/div><\/div><\/div><\/div><\/div><\/div><\/div>\n<\/div><\/div><\/div>\n\n\n\n<p><\/p>\n","protected":false},"excerpt":{"rendered":"","protected":false},"author":1,"featured_media":0,"parent":0,"menu_order":0,"comment_status":"open","ping_status":"open","template":"page-templates\/page-builder.php","meta":{"colormag_page_container_layout":"no_sidebar_full_width","colormag_page_sidebar_layout":"no_sidebar","footnotes":""},"class_list":["post-69","page","type-page","status-publish","hentry"],"magazineBlocksPostFeaturedMedia":{"thumbnail":false,"medium":false,"medium_large":false,"large":false,"1536x1536":false,"2048x2048":false,"colormag-highlighted-post":false,"colormag-featured-post-medium":false,"colormag-featured-post-small":false,"colormag-featured-image":false,"colormag-default-news":false,"colormag-featured-image-large":false},"magazineBlocksPostAuthor":{"name":"admin","avatar":"https:\/\/secure.gravatar.com\/avatar\/e0ab7dc85ea35ba8001cbfd85ce1f13ca897a9296c11d46f815cdc835f4a18ad?s=96&d=mm&r=g"},"magazineBlocksPostCommentsNumber":"0","magazineBlocksPostExcerpt":"","magazineBlocksPostCategories":[],"magazineBlocksPostViewCount":0,"magazineBlocksPostReadTime":0,"_links":{"self":[{"href":"https:\/\/thepotentialtoday.com\/index.php?rest_route=\/wp\/v2\/pages\/69","targetHints":{"allow":["GET"]}}],"collection":[{"href":"https:\/\/thepotentialtoday.com\/index.php?rest_route=\/wp\/v2\/pages"}],"about":[{"href":"https:\/\/thepotentialtoday.com\/index.php?rest_route=\/wp\/v2\/types\/page"}],"author":[{"embeddable":true,"href":"https:\/\/thepotentialtoday.com\/index.php?rest_route=\/wp\/v2\/users\/1"}],"replies":[{"embeddable":true,"href":"https:\/\/thepotentialtoday.com\/index.php?rest_route=%2Fwp%2Fv2%2Fcomments&post=69"}],"version-history":[{"count":4,"href":"https:\/\/thepotentialtoday.com\/index.php?rest_route=\/wp\/v2\/pages\/69\/revisions"}],"predecessor-version":[{"id":1082,"href":"https:\/\/thepotentialtoday.com\/index.php?rest_route=\/wp\/v2\/pages\/69\/revisions\/1082"}],"wp:attachment":[{"href":"https:\/\/thepotentialtoday.com\/index.php?rest_route=%2Fwp%2Fv2%2Fmedia&parent=69"}],"curies":[{"name":"wp","href":"https:\/\/api.w.org\/{rel}","templated":true}]}}